e?
True
Let d = -13548 + 34075. Is d prime?
False
Suppose -4*l + 4 = 2*h, -3*h - 3*l = -2 - 7. Suppose y - 935 = -5*c - 0*c, y - 971 = h*c. Is y prime?
False
Is ((-9)/(-6))/(9/32070*1) prime?
False
Let p(f) = -7421*f - 62. Is p(-5) a composite number?
True
Suppose -2*j = 9*j - 44. Suppose 4 = j*g, 0 = 3*f - 2*g - 704 - 479. Is f a prime number?
False
Suppose -28*c + 26412 = -16*c. Is c a composite number?
True
Suppose 4*c + 304 = 912. Let h = c - 94. Is h composite?
True
Is (17076/(-3))/((-16)/12) prime?
False
Let s = 4179 + -2236. Is s a prime number?
False
Let i(o) = -o - 9. Suppose 26 = -4*v - d, -5*v - 35 = 2*d - 4. Let a be i(v). Is ((-3)/a)/((-3)/(-74)) prime?
True
Suppose -y + 52 = 2*y + p, -5*y + 96 = 4*p. Let j = y + -20. Is (-1)/(j + 1041/261) a composite number?
True
Let w(r) = -22*r**2 + 7*r + 7. Let p be w(-4). Let n = 210 + p. Let j = 2214 + n. Is j composite?
True
Let f(k) = -2*k**3 - 2*k**2 + 2*k - 1. Let m be f(1). Let l be m + 10/2 + -1. Suppose c = 42 + l. Is c a composite number?
False
Let n be 1*-1*(-19 - -19). Suppose 3*m - 4*w - 2147 = 0, m - w - 2*w - 724 = n. Is m prime?
True
Let i = 24 + -20. Let z(m) = 7*m**2 - 10*m + 17. Is z(i) prime?
True
Is 24/(-54) + 5*32885/9 a prime number?
True
Let f(c) be the second derivative of 16*c**4/3 - 5*c**3/6 - 5*c**2/2 + 17*c. Is f(-4) prime?
True
Suppose 12*q - 49 + 1 = 0. Suppose 1257 = -q*s + 7*s. Is s a prime number?
True
Suppose 0 = 4*m + m - 15. Suppose 0*f = -m*f + 117. Suppose f + 6 = 3*v. Is v a composite number?
True
Let a be (-1)/(228/(-75) - -3). Suppose 2*t - a = 225. Let r = t - -86. Is r a composite number?
False
Suppose 3*s = -2*s - t + 183, 2*s = -4*t + 66. Let f = 40 - s. Suppose 551 = f*o - l - 546, 3*l = o - 355. Is o a prime number?
True
Suppose -f = -10*f + 9783. Is f - (3 - 2) - (-2)/2 prime?
True
Is (-15431 + 10)*((-150)/35 - -4) composite?
True
Let o be ((-12)/(-10) - 1)*655. Suppose -o - 17 = -4*w. Is w a composite number?
False
Let k = 30564 + -20185. Is k composite?
True
Let z(m) = -m**3 - 13*m**2 + m + 18. Let a be z(-13). Let l(j) = 10*j + j**3 + 3*j - a*j**2 + 6*j - 1 - j**2. Is l(9) a prime number?
False
Suppose 11078 = 4*m - y - y, 0 = -m - 2*y + 2767. Suppose 3*i + 5*v - m = 2*i, v - 8363 = -3*i. Is i a composite number?
False
Suppose -807 = -4*c + 1417. Let v = 372 + -11. Suppose u - c = v. Is u prime?
False
Suppose -5*p + q + 1702 = 0, -335 = -p - 51*q + 53*q. Is p a prime number?
False
Suppose 55105 = 5*w + 5*f, 11*w + 3*f = 12*w - 11005. Is w a composite number?
True
Suppose -1728 = -3*m - 3*h + 2334, 5*m - 3*h - 6794 = 0. Is m composite?
True
Let d(t) = -16*t + 6. Let n be d(-5). Suppose -11*m = -2*m - 459. Let y = n - m. Is y composite?
True
Let o(h) be the first derivative of h**2/2 + 15*h + 12. Let z be o(-13). Suppose 3*y - 257 = 2*l, l - 89 = -3*y + z*y. Is y a composite number?
True
Suppose 51*l = -39*l + 422460. Is l prime?
False
Suppose 2*z - 4 = -4*u + 6*z, -10 = -5*z. Suppose 3*q - 24 = -u*y, -8 = y - 2*y - 2*q. Is ((-762)/y)/(3/(-8)) a composite number?
True
Suppose 30203 - 8552 = 7*p. Is p a prime number?
False
Suppose 67099 = 17*o - 0*o. Is o a composite number?
False
Let h(z) = -312*z - 1063. Is h(-32) composite?
True
Suppose -7*u = -3*u - 2240. Suppose -56 + 246 = l. Suppose -n = o - l, -o + n - u = -4*o. Is o prime?
False
Let l(n) = 985*n**2 + 4*n - 5. Is l(2) a composite number?
False
Let j = 91722 - 61091. Is j prime?
True
Let g = 13945 - -35608. Is g a prime number?
False
Let q(a) be the second derivative of 13/2*a**2 + 1/10*a**5 + 0 - 10*a - 1/4*a**4 + a**3. Is q(6) a composite number?
False
Suppose -30718 - 88688 = -42*x. Is x a prime number?
True
Let z(v) = 9*v - v**3 - 12*v**2 + 20*v + 11 - 15*v + 1. Let g be z(-13). Is (18/45)/(g/(-1055)) prime?
False
Let l(z) = z**2 + z - 5. Let c be l(5). Suppose -6*u + c = -5. Suppose -3*q + 4*p - u*p = -205, 0 = q - 5*p - 79. Is q composite?
True
Suppose 9 + 81314 = 11*z. Is z prime?
True
Let g(t) = -t**3 - 6*t**2 - 6*t - 2. Suppose i + i = -10. Let p be g(i). Suppose 435 = p*d - 3*k, 78 + 345 = 3*d + 3*k. Is d a composite number?
True
Let l(p) = -9*p**3 - 2*p**2 - 2*p - 3. Let v be l(-3). Suppose -3*r + 3*w = -1488 + v, -4*r - 2*w + 1674 = 0. Is r prime?
True
Let h = 1330 - 944. Let c = 205 - h. Let d = 330 + c. Is d composite?
False
Let z = -5 + 8. Let v be 24*(0 + (-45)/(-12)). Suppose x + v = q, 4*q - 395 = -z*x - 56. Is q a prime number?
False
Suppose 2*q + 4*r = -40, 2*q - 3*r + 0 + 26 = 0. Is (709 - -1)/(18 + q) a composite number?
True
Let k = 9 + -6. Suppose -2*t + 9433 = k*q, -3*q - t = 2*t - 9432. Suppose q = 3*f + 2*f. Is f composite?
True
Suppose -o + 14 = -2*o + 4*g, g - 23 = -3*o. Suppose z + 3955 = o*z. Is z prime?
False
Suppose x = 5*u - 145, -4*x + 2*u - 540 = 22. Let p be (-7)/(x/(-15))*-4. Is (-4)/(-12)*p*587 a prime number?
True
Suppose -4*v - 517 + 1917 = 0. Suppose 690 = 2*z - 4*j, j + v = -z + 2*z. Is z a composite number?
True
Suppose r = 437 + 299. Suppose -2561 + r = -5*z. Let u = z - 72. Is u prime?
True
Suppose 5*o + 269 + 636 = 0. Let d = o + 300. Is d a composite number?
True
Suppose -2*d - 5*h + 83 = 0, -d + 2*d - 3*h = 69. Is 2868/d - (-1 + (-30)/(-27)) a prime number?
True
Let d(y) = 489*y + 71. Is d(6) a prime number?
False
Suppose -4*a - 2*n + 2520 = -2160, 5*n = 2*a - 2328. Is a a composite number?
True
Let q = -17 + 19. Suppose 0 = -q*s - s + 9. Suppose z - s*b + 325 = 5*z, 4*z - b - 313 = 0. Is z prime?
True
Let z = -1428 + 3076. Let b be -2*2/4 + 6. Suppose b*o = 27 + z. Is o a composite number?
True
Let r = -10 - -85. Let q = r - 61. Is q a prime number?
False
Suppose -2 = 3*v + 4. Let r be (4/10)/((-49)/25 - -2). Is v/r - 1272/(-10) a prime number?
True
Suppose 3*i + 5*f - 818 = 0, i - 1056 = -3*i + 2*f. Let o = i + -3. Is o a composite number?
False
Let d be (-10)/(-35) - 9/7. Let h be 7/(28/104) + d. Suppose 0 = -5*q + h, b = -0*b + 2*q + 61. Is b a composite number?
False
Suppose 109084 = 2*s - g, -272705 = -5*s + 24*g - 19*g. Is s a composite number?
True
Let t be (4/10)/(2/(-240)). Is t/21 - -2 - 4269/(-21) prime?
False
Let g(t) = -48*t - 43. Let x = -16 + 3. Is g(x) a composite number?
True
Let w(d) be the first derivative of -49*d**3/6 - d**2/2 + 3*d + 2. Let f(x) be the first derivative of w(x). Is f(-2) a prime number?
True
Let x(i) = i**3 + 4*i**2. Let a be x(-4). Suppose 3*w - 3 - 3 = a. Suppose 413 = t - 2*o, 867 - 45 = w*t - 2*o. Is t prime?
True
Let x = -8186 - -15835. Is x a composite number?
False
Let z(q) be the first derivative of 25*q**2/2 + 6*q + 1. Let k(h) = h**2 + 8*h + 5. Let g be k(-8). Is z(g) a composite number?
False
Let b be (-1)/(-4 + 1)*(-753)/1. Let d = 5524 + b. Is d composite?
False
Let h = 22363 + -15080. Is h a prime number?
True
Let r(q) = 434*q + 510. Is r(38) a prime number?
False
Let f be 43219/66 - 1/(-6). Let r be 0/1 + (3 - -441). Let y = f - r. Is y composite?
False
Let h(w) = -45*w. Let j be h(-5). Let b be (-2 - 0)/((-30)/j). Suppose 2*c - 177 = q + 182, 0 = -5*q + b. Is c prime?
True
Let g = -605 + 609. Suppose 2*u - 17 = -3*l, -4*u - 2*l - 10 + 48 = 0. Is 5/u - (-50)/g a composite number?
False
Let y = -99 - -152. Let i = y - 7. Is i a prime number?
False
Is (-5)/((-135)/6) + (-122395)/(-63) composite?
True
Let r be 87*2/(-2)*-1. Suppose -9*z + 52 = b - 6*z, -5*z - 5 = 0. Let f = b + r. Is f prime?
False
Suppose 3*m + 20726 = 24*t - 23*t, -20732 = -t + 5*m. Is t composite?
False
Let q(f) = 109*f**2 - 7*f + 223. Is q(13) prime?
True
Suppose -5*p + 5*m = -5 - 5, p + m = 4. Suppose 4*u - 2*c = 18, -1 - p = 4*c. Suppose -5*y + 241 = -4*a, -6*y = -y + u*a - 249. Is y a composite number?
True
Let f(u) = 24888*u**3 - 6*u**2 + 7*u. Is f(1) composite?
False
Let m = 45 + -33. Let t(w) = w**3 - 9*w**2 + 4*w - 13. Is t(m) composite?
False
Suppose -593*x + 587*x = -942. Is x composite?
False
Let o(a) = -20*a**2 + 2*a + 7*a**2 - 7*a**2 + 12 - a. Let n(y) = 20*y**2 - 13. Let d(b) = -5*n(b) - 6*o(b). Is d(-3) prime?
True
Suppose 0*s + 2*s - 2*z - 69984 = 0, 0 = -5*s + 3*z + 174958. Is s a composite number?
True
Suppose -7*g = -0*g + 25543. Let s = -1916 - g. Is s a prime number?
True
Suppose 12 = 3*a + 4*c, 4*a + 2*c - 11 = 5. Suppose -5*d = a + 6. Is -2 + 370 + d + 1 a composite number?
False
Let h = -46 